t s = -24 - r. Calculate the highest common factor of s and j.
8
Let n = 127 + 13. Suppose -3*x - 2*x + n = 0. Suppose 0 = 33*c - 27*c - 84. Calculate the highest common factor of x and c.
14
Let b = 23 + -5. Let i be 2/(-9) + (-284)/b. Let q be (-7)/2*i/28. Calculate the highest common divisor of q and 5.
1
Let x(m) = -3*m - m - 6*m - m**3 + 11*m**2 - m + 4. Let j be x(5). What is the highest common divisor of j and 9?
9
Let o be (-327)/(-1) + (-27)/27. What is the greatest common factor of o and 2119?
163
Let c be 1*(1 - -111) + 0. Suppose 6973 = 3*t + 6889. What is the greatest common divisor of c and t?
28
Suppose -3789 = -42*c + 831. Calculate the highest common divisor of 165 and c.
55
Let y = 1528 - 1462. Suppose 9*s - 30 = 4*s. What is the greatest common factor of y and s?
6
Let a be (189/(-126))/(6/(-20)). Calculate the greatest common divisor of a and 10.
5
Suppose 5208 = 10*g + 21*g. What is the greatest common factor of 216 and g?
24
Let b = 268 - 228. What is the highest common factor of b and 16?
8
Suppose 2*t = -10, -3*t + 69 = 4*h + 4. Let n be (36/10)/(4/50). Let v = n - 5. Calculate the greatest common divisor of v and h.
20
Suppose 0 = -k - 18 + 20. Suppose 5 = -o, 3*h + k*o - 188 = 6*o. What is the highest common divisor of h and 140?
28
Suppose 2*w + 94 = 4*p, 4*w = p - 19 - 1. Let g be (9 + -6 - -1) + 164. Calculate the highest common factor of p and g.
24
Let x be 31/4 - (-1)/4. Suppose 21*c = 19*c - 216. Let a = c - -164. What is the greatest common factor of a and x?
8
Let b = -574 + 591. What is the greatest common divisor of 119 and b?
17
Let v = 611 + -78. Calculate the highest common factor of v and 41.
41
Suppose 4*j = 5*g + 88, -5*g = -3*j + 4*j - 47. Suppose 24*h + 627 = j*h. What is the highest common factor of 11 and h?
11
Let x(y) = y**3 - 38*y**2 + 82*y + 30. Let o be x(36). What is the greatest common factor of o and 1040?
130
Let c = -162 - -178. What is the greatest common factor of c and 128?
16
Suppose -w = -3*s - 0*s + 128, 3*s - 3*w - 120 = 0. Let j = -245 + 267. What is the highest common factor of j and s?
22
Let b(u) = 8*u - 8. Let v be b(5). Calculate the greatest common divisor of v and 4.
4
Let m = -174 - -198. Calculate the highest common divisor of m and 54.
6
Let o(v) = -2*v. Let f be o(-2). Let b(n) = 12*n**2 - 121*n + 14. Let w be b(10). Calculate the greatest common divisor of w and f.
4
Let x be (-1)/(-1*(-7 + 2114/301)). Calculate the highest common factor of 688 and x.
43
Let t be 6*(4 - 50/15). Suppose t*k + 107 = 683. Calculate the greatest common divisor of 6 and k.
6
Let j be 27696/56 + 6/14. Calculate the greatest common factor of 11 and j.
11
Let t(r) = 2*r - 14. Let n be t(11). Suppose -8*m - 9640 = -12*m. Let q be m/75 - (-4)/(-30). What is the highest common divisor of q and n?
8
Let t(i) = -i**3 + 10*i**2 + 39*i - 15. Let v be t(-5). What is the greatest common divisor of v and 135?
15
Let u = 2 - 1. Suppose 0 = -2*c + 1 + u. Suppose 4*p = -2*a + 22, 3*p - 4*p + c = 5*a. What is the greatest common factor of p and 9?
3
Let w = -290 + 302. Calculate the greatest common divisor of w and 222.
6
Let l be 50/13 - 4/(-26). Let s be 3 + (l - 0) + 48. Suppose 4*h + 11 = 5*h. What is the greatest common factor of h and s?
11
Let x = 166 - 131. Suppose 4*u - u + 9 = 0. Let r(z) = -z + 4. Let o be r(u). Calculate the greatest common divisor of x and o.
7
Let g be -5 + -6 + 6 + 101. What is the greatest common divisor of g and 36?
12
Suppose 128 + 124 = 12*z. Calculate the highest common divisor of 399 and z.
21
Suppose 4*i - 7 = -2*t + 105, 0 = -3*i + 3*t + 93. Suppose 4*m = -12, -5*m - 46 = -4*x + 5*x. Let c = i - x. Calculate the greatest common factor of 24 and c.
12
Suppose 3*b = -4*o + 1146 - 381, -4*o + 759 = b. What is the greatest common factor of o and 21?
21
Suppose -4*c + 56 = -4*x, -26*c = -21*c + 3*x - 62. Suppose 0 = 2*s - 30 - 48. What is the highest common divisor of s and c?
13
Let p(l) = 3*l**2 - 3*l + 4. Let h be p(-3). Let f = -101 + 201. What is the greatest common divisor of h and f?
20
Let g(n) be the second derivative of n**4/4 + n**3/6 - 2*n**2 - 21*n. Let o be g(-4). Let b = 12 + 4. What is the highest common factor of b and o?
8
Let a = -5 - -26. Suppose 5*f = 9 + a. What is the greatest common divisor of f and 30?
6
Let y(l) = 3*l**2 + 4*l - 6. Let c be y(4). Let k = -3 - -1. Let h = c - k. What is the highest common divisor of h and 15?
15
Let u(z) be the first derivative of -z**4/4 - 5*z**3/3 - z**2 + 9*z - 26. Let i be u(-5). Calculate the highest common divisor of 209 and i.
19
Let t be 3/(15/(-2)) + (-820)/(-50). Calculate the greatest common factor of t and 464.
16
Suppose -115*a - 83891 = -397036. What is the highest common divisor of a and 7?
7
Let w = 29 - 21. Let q be (-5)/(15/(-9)) - -117. Suppose -4*x + n - 120 = -7*x, -q = -3*x - 5*n. What is the highest common divisor of x and w?
8
Let b = -9 - -9. Suppose 4*r + 2 + 7 = v, 3*v + 2*r - 27 = b. Suppose q = -4 + v. What is the greatest common factor of 10 and q?
5
Suppose -3*d - 2*f + 80 = 0, 5*f + 61 = 3*d - 33. Suppose -k + d = -32. What is the highest common factor of k and 15?
15
Let s(m) = -m**2 - 4*m. Let r be s(-3). Suppose 100*u - 255 = 95*u. Suppose 0 = -11*q + u + 48. What is the highest common factor of q and r?
3
Let j = 3 + 0. Suppose -z - 3*z + 46 = -j*u, -4*u - 4*z - 24 = 0. Let g = u - -13. What is the highest common factor of g and 3?
3
Let q(s) = s + 16. Let i be q(-13). Let v(r) = r**2 + 3*r - 1. Let u be v(-7). Let t be (9 - u)*1/(-3). Calculate the highest common divisor of i and t.
3
Suppose 2*x + 6 = -4. Let l be (-156)/(-20) - 1/x. Calculate the highest common divisor of 16 and l.
8
Let x(g) = g + 184. Let f be x(-12). Calculate the highest common divisor of 258 and f.
86
Let n be 4/(-1) - (-8 + -2 + -6). What is the greatest common divisor of 432 and n?
12
Let n(d) = 2*d**2 + 6 - 6 + 2 - 4*d. Let o be n(4). Let z = -15 - -33. What is the highest common factor of z and o?
18
Let k(h) = 130*h - 116. Let v be k(10). Calculate the greatest common divisor of v and 111.
37
Let m be (-16520)/(-63) + 4 - 12/54. Calculate the greatest common factor of m and 42.
14
Suppose 0 = 26*s - 44*s + 3168. What is the highest common factor of 132 and s?
44
Let g = -361 - -523. Calculate the highest common divisor of g and 6.
6
Suppose 3 = -5*s + 3. Suppose -21*v + v + 760 = s. Let j be 1*(-3)/((-3)/19). What is the highest common divisor of j and v?
19
Suppose -4133 = -25*l - 883. What is the highest common factor of 52 and l?
26
Suppose 92 = 2*m + 4*c, -2*m - 81 = -3*m + 5*c. Let p be 16/5*(-10)/(-4). Calculate the highest common divisor of m and p.
8
Let k be (88/(-6))/(1/(-3)). Let t = k + 33. Suppose 21 = m + 5*w, 0 = 40*m - 46*m - 3*w + 72. Calculate the greatest common factor of m and t.
11
Let a(i) = i**2 - 6*i - 32. Let m be a(-8). What is the greatest common divisor of m and 20?
20
Let s be (-1327 - 43)*16/(-10). Calculate the highest common factor of 16 and s.
16
Suppose -2*i + 293 = -z, 157 = 3*i - 2*i - 4*z. Let w = i + -103. Let u = w - 0. Calculate the highest common divisor of u and 462.
42
Let z(g) = 12*g**3 + 2*g**2 + 5*g + 2. Let l be z(-2). Let m be l/(-56)*14/4. Calculate the greatest common factor of m and 6.
6
Suppose -b + 94 = 68. Suppose 32 = s - 176. Calculate the greatest common divisor of b and s.
26
Let u(c) = c**3 + 18*c**2 + 16*c + 4. Let m be u(-17). Let f(q) = 30*q**2 - 1. Let a be f(1). Let d = -8 + a. Calculate the greatest common divisor of m and d.
21
Suppose -5*v - 40 = 5*a, a = 5*v + 3*a + 25. Let m be (v/(-6))/(2/116). What is the greatest common divisor of 87 and m?
29
Let j be 2 - (-1 + 4) - (-11 - 0). Suppose w - 506 = 3*f, 4*w = 2*f + 2*f + 672. Let b = -59 - f. Calculate the highest common divisor of b and j.
10
Let v(l) = l + 26. Let j be v(-5). Let o be 2106/63 - 9/j. What is the highest common divisor of 22 and o?
11
Let p(d) = 3*d**2 + 5*d + 60. Let j be p(-8). Calculate the greatest common divisor of 159 and j.
53
Suppose 3*u + 7*y - 98 = 5*y, -3*y = -2*u + 61. Calculate the greatest common divisor of 40 and u.
8
Suppose 0 = j + 2*x - 162, 2*j + x - 459 = -147. Calculate the greatest common divisor of j and 28.
14
Suppose 5*o - 4*y - 130 = 